(-26)/4).
13
Suppose 0 = j - 0 - 4. Suppose -17 = -4*u + 3*q, -30 = -5*u - j*q - q. Calculate the remainder when u is divided by 2.
1
Let c(r) = r**2 - 3*r + 2. Let s be c(3). Suppose -s*q - 1 = -11. What is the remainder when 17 is divided by q?
2
What is the remainder when 93 is divided by (-9)/(81/96)*-3?
29
Suppose -3 = -4*j + 1, -96 = -4*t + 4*j. Suppose 5*g - 40 = t. Let y(c) = 6*c**2 - c - 1. Calculate the remainder when y(-2) is divided by g.
12
Let y be ((-36)/10)/((-12)/(-80)). Let p = y - -35. What is the remainder when 30 is divided by p?
8
Let b = -2 + 7. Let h = 12 + b. What is the remainder when h is divided by 9?
8
Suppose -5*s - 1 + 21 = 0. Calculate the remainder when 19 is divided by ((-8)/12)/(s/(-30)).
4
Let o = 36 + -1. What is the remainder when o is divided by 12?
11
Suppose -3*g + 3*i = 18, -6*g = -g - 2*i + 30. Let j = 3 - g. What is the remainder when 25 is divided by j?
7
Let r(w) = w**3 - 3*w**2 + w - 2. Let y be r(4). Suppose -51 = -3*p - l - 4*l, -p + y = 2*l. Calculate the remainder when 103/3 + (-2)/6 is divided by p.
10
Let m(p) = -p**3 + 3*p**2 - p + 3. Let h be m(3). Suppose h = -5*o - 31 - 39. Let v = 30 + o. Calculate the remainder when 61 is divided by v.
13
Let i(j) = j**2 - 1. Let q be i(0). Let d = 25 - 78. What is the remainder when (-2*1 - q)*d is divided by 18?
17
Let m(q) = 3*q**2 - 24*q + 17. Calculate the remainder when m(9) is divided by 23.
21
Suppose 0*f + 108 = 3*f. What is the remainder when f is divided by 19?
17
Suppose -o + 20 = -23. Calculate the remainder when o is divided by (1 + (-26)/4)*-4.
21
Let v(b) = -b**2 - 17*b + 13. Let g = -24 - -39. Calculate the remainder when v(-16) is divided by g.
14
What is the remainder when 5 is divided by ((-6)/15)/((-1)/5)?
1
Suppose 0 = -4*c + 30 + 2. Let a be 9/4 + (-2)/c. Suppose 4*v + 7*q - a*q = 27, -4*q - 7 = v. Calculate the remainder when v is divided by 7.
6
Let m = -9 + 13. Suppose 2*y - 7 = -1. Calculate the remainder when m is divided by y.
1
Let m be 12/16 - (-17)/4. Suppose -m*a = -0*a - 5. Calculate the remainder when a/3 + (-505)/(-15) is divided by 12.
10
Let o = 1 - -3. Suppose 42 = q + 6*y - 2*y, 4*y = -o*q + 120. What is the remainder when q is divided by 14?
12
Suppose 0*f = 2*f - 32. Suppose f + 8 = 3*c. Suppose 0 = 3*t + 2*t - 115. What is the remainder when t is divided by c?
7
Calculate the remainder when 57 is divided by -10*2*(-3)/4.
12
Let r = -6 - -18. Calculate the remainder when 46 is divided by r.
10
Suppose 0 = -y - 50 - 7. Let m = y - -94. What is the remainder when m is divided by 19?
18
Let y be (-6 - 0)*2/(-4). Suppose -y*p = -7*p + 36. Calculate the remainder when 33 is divided by p.
6
Let v = 152 - 139. Suppose -4 = 3*n - 16. What is the remainder when v is divided by n?
1
Let j(t) = -t + 44. Let l = 2 + -2. Suppose 5*k = 5*n - 90, -4*n - 3*k + 48 = k. Calculate the remainder when j(l) is divided by n.
14
Suppose 6*x - x - 20 = 0. Suppose -w = w - x. Calculate the remainder when w is divided by 1.
0
Suppose -y + 4*p + 1 = 5, 0 = -5*y + 4*p + 12. What is the remainder when 26 is divided by y?
2
Suppose 2*d - 2*g - 16 = 0, -3*d - 3*g - g = -17. What is the remainder when 27 is divided by d?
6
Let b(f) = -94*f**2 - f. Let q be b(-1). Let s = q + 134. What is the remainder when s is divided by 11?
8
Let m = 61 + 23. Calculate the remainder when m is divided by 29.
26
Suppose -q - 3*q - 4 = 0. Let y(a) = -8*a - 3. Let o be y(-3). Let k = q + o. Calculate the remainder when k is divided by 11.
9
Let m(g) = 3*g**2 - 2*g + 1. Calculate the remainder when m(3) is divided by ((-2562)/(-45))/7 + (-2)/15.
6
Let y = -30 - -69. Let p = -25 + 45. What is the remainder when y is divided by p?
19
Let v(t) = 2*t**2 - 6*t - 3. What is the remainder when v(7) is divided by 9?
8
Let o be 14/(2 + -3 - 1). Let n = o - -15. Let k(r) = 3*r - 1. Calculate the remainder when n is divided by k(2).
3
Let i(c) = -c**2 + 2*c + 3. Let n be i(6). Let a be (2 + 0)/((-6)/n). Let g = 10 - a. Calculate the remainder when 8 is divided by g.
2
Let k = 30 + -16. What is the remainder when 39 is divided by k?
11
Suppose 7*s - 273 = -6*s. What is the remainder when s is divided by 6?
3
What is the remainder when (2 - 0)/2 - (-2 + -86) is divided by 18?
17
Let i be (0 + 1)*(116 - 0). Let c = -43 - i. What is the remainder when c/(-15) + 8/20 is divided by 3?
2
Let q = 2 + -4. Let m be q + 0 + 1 + 16. Suppose 7*h - m = 2*h. What is the remainder when h is divided by 2?
1
Let o(i) = 2*i - 3. Let h be 13 - 2/((-1)/(-1)). Suppose -3*d + h = 2. What is the remainder when o(4) is divided by d?
2
Let r = 20 - 0. Calculate the remainder when r is divided by 7.
6
Let a = 5 - -6. Let g = a - 2. Calculate the remainder when 25 is divided by g.
7
Suppose -2*y + 5 = -v, 27 = 4*v + v + 3*y. Let b(i) = 4*i - 10 + i**v + 3 - 2*i - 7*i**2. Calculate the remainder when 20 is divided by b(7).
6
What is the remainder when 157 is divided by (-34)/(-85) - (-196)/10?
17
Let j = -141 + 203. Calculate the remainder when j is divided by 16.
14
Let s = -6 - -6. Let r be ((-3)/6 + s)*-10. Suppose r*y = 2*y + 60. Calculate the remainder when 38 is divided by y.
18
Let w(y) = -2*y**2 - 2*y - 1. Let n be w(-2). Calculate the remainder when -3 - (2 + n + -39) is divided by 14.
11
Suppose -4*x + 170 = x. What is the remainder when 98 is divided by x?
30
Suppose -6*d = -2*d. Suppose 0 = -d*a + 4*a - 276. Suppose -2*k - k = -a. What is the remainder when k is divided by 12?
11
Suppose -2*j + 7*j = 25. Suppose m = 2*x + 34, -j = -5*m + 5. Let k = -11 - x. What is the remainder when 14 is divided by k?
4
Suppose -3*m - 9 = -33. Let s(k) = -5*k + 11. Let z(c) = 11*c - 23. Let d(v) = -7*s(v) - 3*z(v). What is the remainder when 22 is divided by d(m)?
6
Let r(i) = 2*i**2 + 4*i + 3. Let s be r(-2). Suppose s*m + 3 = -y + 22, -20 = 4*y. What is the remainder when 15 is divided by m?
7
Suppose 33 = 3*y + k - 4*k, -k + 1 = y. Suppose -j = -5*l + 4, -2*l + 13 = j - 4. Calculate the remainder when j is divided by y.
5
Suppose 0 = -2*x - 0 + 6, p + 3 = 3*x. Suppose -2*z = 2*l - 48, 4*z + 8*l - 120 = 12*l. What is the remainder when z is divided by p?
3
Let r(g) = g**3 - 9*g**2 + 9*g + 2. Let z = 46 + -40. What is the remainder when r(8) is divided by z?
4
Suppose 5*w = -0*w + 5*y + 80, 2*w = -5*y + 4. Calculate the remainder when 129 is divided by w.
9
Suppose -2 = q - 6. Suppose 12 + 8 = q*l. Suppose 4*y = l*y - 26. What is the remainder when y is divided by 9?
8
Let g(j) = -j**3 - 6*j**2 + 6*j + 3. Let n be g(-7). Calculate the remainder when 21 is divided by (8/(-3))/(n/(-30)).
5
Suppose -g = -3*m + 2*m + 57, 63 = m + 2*g. What is the remainder when m is divided by (-1)/(6/40)*-3?
19
Let o(h) = -h**2 - 9*h - 6. Suppose 4 = 6*p - 4*p. Let u = 24 - p. Calculate the remainder when u is divided by o(-6).
10
Suppose -2*i - 36 = -6*i. Suppose -3*a - 96 = 4*h + 85, -4*a = h + 42. Let v = -21 - h. What is the remainder when v is divided by i?
7
Let w(i) = -i**3 + i**2 - i - 3. Let s be w(0). Let c be (-4)/s*180/4. Suppose 10 = -2*k + c. What is the remainder when k is divided by 9?
7
Suppose -5*z = -l + 8 + 7, 0 = 3*l - 5*z - 5. Let u = l + 9. Suppose 202 = 3*j + 2*j - 4*n, -143 = -u*j - 3*n. What is the remainder when j is divided by 13?
12
Suppose 3*q - 12 = -w, -4*q + 6 = -3*w + w. Suppose 64 = 5*j + 9. What is the remainder when j is divided by q?
2
Suppose -5*a + 4*v = -125, -5*v = -2*a - 3*v + 48. Calculate the remainder when 81 is divided by a.
23
Suppose -u + 38 = 2*p, p + 4*p = -5*u + 175. Suppose -j + 5*s + u = 2*s, -5*s = -j + 24. Suppose 3*k = k + 30. What is the remainder when j is divided by k?
14
Let h(u) = u**3 + 5*u**2 - 7*u + 1. What is the remainder when 30/(-4)*(-32)/12 is divided by h(-6)?
6
Suppose -2*k = -k. Let i(a) = -a + 6. Let w be i(k). What is the remainder when 32 + w/(1 + 2) is divided by 18?
16
Let l(y) = y**3 - 21*y**2 + 22*y - 25. What is the remainder when 2/(-4)*-4 + 24 is divided by l(20)?
11
Let i = 16 + -9. Suppose -m + 3 - 2 = 0. Suppose -4*k + 2*x + 42 = 0, m - 16 = -k - x. What is the remainder when k is divided by i?
5
Let t = -17 + 27. Let a be 1 + 27 + 11 + -11. Suppose 3*w - 4*w = -a. Calculate the remainder when w is divided by t.
8
Suppose -2*v = 2*p +